Suppose -h*m - m = -168. What is the remainder when m is divided by 19?
18
Let n = 15 + 7. Suppose 5*z = z + 4*l + 728, 731 = 4*z - 3*l. Calculate the remainder when n is divided by z/15 + (-2)/6.
10
Let s(u) = 5*u**2 + u + 1. Let n = 27 + 1. Let b = n - 19. Calculate the remainder when b is divided by s(-1).
4
Calculate the remainder when 64 is divided by (-93)/(-12)*4 + 6/2.
30
Let b = 31 + -6. What is the remainder when b is divided by 4?
1
Calculate the remainder when ((-54)/15 + -1)*-5 is divided by 8.
7
Let n = -94 + 171. Calculate the remainder when n is divided by 39.
38
Let b(s) = -s**2 + 12*s - 13. Let u(r) = r + 3. Let g be u(-5). What is the remainder when (0 + g)/1 - -15 is divided by b(10)?
6
Let d(a) = 3*a**2 + 3*a - 1. Suppose 4*i = 4*n - 52, 5*i = 4*n + 23 - 79. Calculate the remainder when d(-4) is divided by n.
8
Let t = 316 - 109. What is the remainder when t is divided by 30?
27
Let s(g) = 11*g. Let r(a) = -12*a. Let h(t) = -4*r(t) - 5*s(t). Let o be h(6). Let z = 65 + o. Calculate the remainder when z is divided by 12.
11
Let f = -6 - -6. Suppose f = 4*m - 4*k, 0*m - 3*m + 12 = 3*k. What is the remainder when 4 is divided by m?
0
Let k(p) = -4*p + 7. Calculate the remainder when k(-12) is divided by 14.
13
Let l = 15 + -7. Let i(z) = -z - 4. Calculate the remainder when l is divided by i(-9).
3
Suppose -41 = -6*q + q + 2*v, 0 = -3*q - 2*v + 31. Let x = -111 + 137. Calculate the remainder when x is divided by q.
8
Suppose -13 = 3*g - 61. Suppose 5*c - 2*h - 30 = 0, -c + 3 + 3 = 5*h. Calculate the remainder when g is divided by c.
4
Let g = 11 + 44. What is the remainder when g is divided by 14?
13
Suppose 3*w = v + 201, -v = -5*v - 12. What is the remainder when w is divided by 37?
29
Suppose 0 = 4*n - 2*n - 3*d - 4, 0 = -5*n + 5*d + 15. Calculate the remainder when 7 is divided by n.
2
Let j be (-4 + 1)*(-6)/9. Suppose -4*n + 2*u + 18 = -34, -j*n + 5*u = -18. What is the remainder when n is divided by 5?
4
Let n(g) = -g**2 - 8*g + 3. Suppose 0*h - 16 = -2*h. Calculate the remainder when h is divided by n(-8).
2
Let w = -8 + 36. Calculate the remainder when w is divided by 5.
3
Let n(a) = 6*a**2 + 4*a - 9. Calculate the remainder when n(-5) is divided by 31.
28
Let w(d) be the first derivative of -3*d**2 + d - 2. Calculate the remainder when 26 is divided by w(-1).
5
Let f = 15 - 1. Let j = f - 5. Let q = j - -2. What is the remainder when 42 is divided by q?
9
Suppose -4*u = u - 3*o - 97, u = 2*o + 18. What is the remainder when 78 is divided by u?
18
Suppose -w - y = 3*w + 64, 3*y + 12 = 0. Calculate the remainder when 4*2/4 - w is divided by 6.
5
Let q = -18 - -37. Let i(j) = 15*j**2 + 3*j + 1. Calculate the remainder when i(-2) is divided by q.
17
Let d(c) = -c**2 - 11*c + 36. What is the remainder when 44 is divided by d(-13)?
4
Let d be (3 - 3)/(2/1). Suppose 5*l - 50 + 15 = d. Calculate the remainder when 2/l + 285/7 is divided by 14.
13
Let z = -38 + 94. Let f be 10/(-35) - 788/(-14). Suppose -f = -5*j + 39. Calculate the remainder when z is divided by j.
18
Calculate the remainder when ((-60)/(-4))/((-1)/(-5)) is divided by 26.
23
Let o = 17 - 12. Suppose 0*z + o*j + 22 = 2*z, 3*z + 2*j = 71. Calculate the remainder when 41 is divided by z.
20
Suppose -4*y = y - 10. Suppose 0 = 4*c - 3*d - 244 - 69, 10 = y*d. What is the remainder when c is divided by 21?
19
Let j = 15 + -4. Calculate the remainder when j is divided by 1/((-14)/(-12) + -1).
5
Let f(s) = 2*s + 3. Calculate the remainder when 137 is divided by f(16).
32
Let j(p) = 2*p**2 + 7*p + 1. Calculate the remainder when 6 is divided by j(-4).
1
Calculate the remainder when 108/2 - (6 - 5) is divided by 18.
17
Let x = -12 - -22. Calculate the remainder when (x/4)/((-10)/(-24)) is divided by 2.
0
Let c = 17 - 3. Let d be 0/(-2 + (-2)/(-2)). Suppose d = -3*h + 100 - 19. Calculate the remainder when h is divided by c.
13
Suppose 3*i + i = 60. Let p = 0 - 0. Suppose p = -m - m + 58. What is the remainder when m is divided by i?
14
Let o = 12 - 9. Suppose -2*n + 11 + o = -5*p, 2*n = 2*p + 8. Calculate the remainder when 2 is divided by n.
0
Suppose 111 = 3*u - 0*u. What is the remainder when u is divided by (-78)/(-3)*2/4 - 3?
7
Suppose 3*w - 77 - 160 = 0. Calculate the remainder when w is divided by 2 - (2 + -27*1).
25
Let l = 6 + -4. Suppose 4*v - v = -4*b + 14, l*v = 2*b + 28. Suppose -v = -5*d + 50. Calculate the remainder when 34 is divided by d.
10
Let f = 4 + 1. Suppose 2*w = w + f. Let o(z) = 8*z - 3. Calculate the remainder when o(w) is divided by 13.
11
Let o(t) be the first derivative of -t**3/3 + 3*t**2/2 + 2*t + 6. Calculate the remainder when 13 is divided by o(2).
1
Suppose 2*p - 2 = z - 0*z, 5*z - 45 = -p. Let n = 11 + 4. What is the remainder when n is divided by z?
7
Suppose 32*h = 35*h - 78. What is the remainder when 90 is divided by h?
12
Suppose -28 = -3*r - 5*i, -76 = r - 5*r + 3*i. Calculate the remainder when 30 is divided by r.
14
Suppose 2*a - 74 = -5*v, -3*v - 6*a + 2*a + 36 = 0. Calculate the remainder when v is divided by 3.
1
Suppose 0 = -3*k - k + 64. Suppose -5*m - 2*l - 52 + 194 = 0, 2*m + 4*l = 44. What is the remainder when m is divided by k?
14
Let d = -80 + 91. What is the remainder when d is divided by 6?
5
Let c(l) = l**2 + 4*l. Let f be c(-5). Let y = -9 + 13. Suppose 6 + y = f*v. What is the remainder when 5 is divided by v?
1
Let x(m) = m + 2*m**2 + 3 - 4*m**2 - 4*m**3 - 2 + m**3. Calculate the remainder when 29 is divided by x(-2).
14
Let q = 48 - 24. What is the remainder when q is divided by 5?
4
Suppose 2*z - 5*z + 81 = 0. What is the remainder when 51 is divided by z?
24
Suppose -n - 115 = -4*l - 4*n, -l = -5*n - 23. What is the remainder when l is divided by 8?
4
Let c = 21 + -36. Suppose 3*t = 7*t - 148. What is the remainder when t is divided by 1 - 5/(c/36)?
11
Let r(k) = -k**2 + k + 5. Let g be r(0). Suppose g = -y, 5*n - n + 219 = 5*y. Let s = 90 + n. Calculate the remainder when s is divided by 15.
14
Let j(p) = p**3 - 17*p**2 - 36*p - 29. What is the remainder when 78 is divided by j(19)?
6
Suppose 5*z - 98 = -28. Let g be 352/4 + 0 + 0. Let q = -61 + g. What is the remainder when q is divided by z?
13
Suppose -f - 4 = -3*h, 4*h = 2*h - 4*f + 26. Suppose 11 = 3*r + h*n + n, -3*n - 57 = -5*r. Calculate the remainder when r is divided by 4.
1
Let r be -7*(0 - (1 - 2)). Suppose 5*l - 542 + 142 = 0. What is the remainder when 10 is divided by l/14 - 2/r?
4
Suppose m + m + 5*d = 36, 5*m - 44 = -d. Calculate the remainder when 28 is divided by m.
4
Suppose 0*p - 3*p + 2*w + 39 = 0, 0 = -3*p + 3*w + 36. Calculate the remainder when 41 is divided by p.
11
Let i = 68 - 46. Suppose 4*k = 3*o + 57, -21 = -3*k + 2*o + i. What is the remainder when (-4)/(-6) + 130/3 is divided by k?
14
Suppose 3*d - 5*n = 12, 0 = -2*d + 2*n + 3 + 9. Calculate the remainder when 10 is divided by d.
1
Calculate the remainder when 23 + -4*(-4)/8 is divided by 7.
4
Suppose 5*t + h = 84, -3*t = 2*h + 11 - 67. What is the remainder when (-3 - (-28)/(-10))*-5 is divided by t?
13
Suppose -4 = 2*b + 2*b. Let f be (0 - b) + -1*1. Suppose 3*i - i - 40 = f. What is the remainder when 38 is divided by i?
18
Suppose 2*c = -5*y + 6 + 1, -5*c + 4*y + 67 = 0. Calculate the remainder when 21 is divided by c.
10
Let j = 99 - -14. Calculate the remainder when j is divided by 29.
26
Let c = 21 - 32. Let p = c + 19. Calculate the remainder when 23 is divided by p.
7
Let p(s) = -11*s**2 - 22*s + 9. Let k(g) = 5*g**2 + 11*g - 5. Let z(j) = 7*k(j) + 3*p(j). What is the remainder when z(-9) is divided by 14?
13
Let z = 4 - 2. Suppose -5*x = -z*x - 69. What is the remainder when 44 is divided by x?
21
Suppose -5*c + 0*c - 110 = 0. Let z = 36 + c. Let a = -15 - -56. What is the remainder when a is divided by z?
13
Let l(i) = -i**3 + 4*i**2 + 7*i + 8. Calculate the remainder when l(5) is divided by 12.
6
Let s = -55 + 62. What is the remainder when 27 is divided by s?
6
Let d = -25 + 40. Suppose 3*u - u = -5*i + 111, -2*i = 5*u - 288. What is the remainder when u is divided by d?
13
Let j be (-1 - -4) + (4 - 3). What is the remainder when (-40)/(-2) + (-8)/j is divided by 4?
2
Let w be 10 + -1 - (0 + 2). Let c = w + 9. Let r = 83 + -53. What is the remainder when